5)*-1?
9
What is the tens digit of ((-1014)/4)/(10/(-20))?
0
What is the units digit of ((-236275)/30)/(-13) + 1/6?
6
Suppose -24*d + 33483 + 11397 = 0. What is the hundreds digit of d?
8
Suppose -11456 = -13*x - 3*x. What is the tens digit of x?
1
Let s be (2 - 3)/((-1)/(-12)). Let i be 2/8 + (-33)/s. What is the units digit of (-333)/(-15) + i/(-15)?
2
Suppose 0 = 5*a - 29 + 29. Suppose g - 318 = -5*z, a = -z + 3*g + 2*g + 48. What is the tens digit of z?
6
Suppose 24*x - 17*x - 4844 = 0. What is the tens digit of x?
9
Let z(j) = -11*j**2 + 10*j - 9. Let c(a) = 16*a**2 - 15*a + 13. Let w(g) = 5*c(g) + 7*z(g). What is the tens digit of w(5)?
5
Suppose 0 = 2*l, -3*l = p - 4*p. Let t = 118 - 96. Suppose p = 2*r - t - 38. What is the tens digit of r?
3
Suppose 35 + 1091 = 2*o. What is the hundreds digit of o?
5
Let l be 4/(-10)*(16 - 21). Suppose -5*o - 2*f + 347 = l*f, o = 4*f + 55. What is the units digit of o?
7
Let w be (-35)/(-10) - 1/(-2). Suppose 9*s = w*s. Suppose n - 41 + 14 = s. What is the tens digit of n?
2
Let m(z) = -z**3 - 12*z**2 + 18*z - 32. Suppose 3*t - 79 = 5*j, 3*j + 3*t + 34 - 1 = 0. What is the hundreds digit of m(j)?
1
Let d(h) = -68*h**2 + 4*h - 3. Let a be d(1). Let w(o) = o**3 + 6*o**2 - 12*o + 10. Let l be w(-9). Let v = a - l. What is the tens digit of v?
5
Suppose -15 = 3*g, 0 = 8*o - 11*o - 2*g + 1910. What is the tens digit of o?
4
Let i be (-876)/(-4) + 0 + 1 + 2. Suppose 3*d = 2*j - 2*d - i, 593 = 5*j - 3*d. What is the units digit of j?
1
Let f(o) be the third derivative of o**6/120 - o**5/15 + o**4/12 + 7*o**3/6 + 3*o**2. Let p be f(5). Let d = p - 5. What is the tens digit of d?
3
Let p(f) = -f + 10. Let d be p(-8). Let u(b) = d*b**2 - 2*b - 14*b**2 + 3*b. What is the tens digit of u(2)?
1
Let i(g) = -g - 1. Let q(a) = -48*a**3 - 2*a**2 - 5*a - 4. Let f(v) = -3*i(v) + q(v). What is the tens digit of f(-1)?
4
Let k = -4 + 16. Suppose 2*v = -0*v - l + 6, -4*v = 4*l - k. Suppose -2*a + a + 14 = 5*i, 3*i = v. What is the units digit of a?
9
Suppose 22 = -o + 13. Let q = o + 74. What is the tens digit of q?
6
What is the hundreds digit of (-8)/(-7 - (-444)/64)?
1
Let s = 33 + -31. Suppose 0 = s*m - 160 - 8. What is the units digit of m?
4
Suppose 2*p - 138 = -w - p, 410 = 3*w + 5*p. Suppose 0 = -t + 48 + 12. Let g = w - t. What is the units digit of g?
5
Let w(v) = 4*v - 2. Let b = -16 - -12. Let t be w(b). What is the tens digit of 5/(t/(-15) - 1)?
2
What is the units digit of -2 - 19944/(-63) - (-3)/7?
5
Let c(j) = 7*j**2 + 13. Let x be c(4). What is the units digit of (x/(-2))/(9/(-18))?
5
What is the units digit of 3*(-2 - (1 + 1311/(-9)))?
8
What is the hundreds digit of (1/(-1))/2 + 2171/2?
0
Let r(n) = -2*n - 10. Let a be r(-7). Suppose 2*y - j - a = 11, y - 5*j = -6. Let g = 1 + y. What is the tens digit of g?
1
Let q be 0 - 1/(4/(-72)). Suppose -5*z - 1404 = -q*z. What is the tens digit of z?
0
Let o(p) = -4*p + 2. Let i be (-10)/5 + (9 - 2). Let c = i + -8. What is the tens digit of o(c)?
1
What is the thousands digit of -2 + ((-201)/(-1))/((-1)/(-11))?
2
Let s = 187 - 264. Let g = -50 - s. Suppose 3*j - g = -3*c, -4*j = 3*c - 0 - 31. What is the units digit of c?
5
Suppose 3*t + 0 = 12. Suppose 12 = 4*h + t. Suppose -u + 7 = 4*c - 24, -6 = -h*u. What is the units digit of c?
7
What is the tens digit of (-5170)/(-6) + 4/3?
6
Let r = -27 + 2696. What is the thousands digit of r?
2
Let f(d) = -6*d + 2. Let z be f(5). Let a = z + 50. Suppose 0 = 5*u + 3*q - 73 - a, -5*u = 2*q - 95. What is the tens digit of u?
1
Let t = -9 + 12. Let d(a) = -a**3 - 2 + a - 4 + t. What is the units digit of d(-3)?
1
Suppose 1841 = 2*h - 471. What is the hundreds digit of h?
1
Suppose 8047 = -2*v + 15*v. What is the tens digit of v?
1
Let w(t) = 3*t**3 - 5*t**2 + 2*t + 1. Suppose h - 3 - 2 = 2*q, -3*h + 6 = 3*q. What is the units digit of w(h)?
3
Let d(p) = 3*p - 7. Let a = -22 - -25. Let h be d(a). What is the units digit of 2 + h + 55 + -1?
8
Let c be 14/(-77) - (-46)/11. Suppose c*g = 88 + 32. What is the tens digit of 2/(((-4)/g)/(-1))?
1
Let n = 20 - 10. What is the units digit of n/(-15)*(-3)/1?
2
Let p = 21 + -3. Let s(l) = -l - 20. Let f be s(-8). Let z = f + p. What is the units digit of z?
6
Suppose 2*t - 7*t = 5. Let j be t/((-9)/4 - -2). Suppose -r - 72 = -j*r. What is the tens digit of r?
2
Let u = 64 - 118. Let x be u - (4/(-4) - 2). Let b = x - -72. What is the units digit of b?
1
What is the hundreds digit of 2*(-21)/((-147)/4270)?
2
Let y = -81 - -31. Let r = -7 - y. What is the tens digit of r?
4
What is the tens digit of 3/(-18) - 159*77/(-126)?
9
Let w = 8801 - 4871. What is the tens digit of w?
3
Suppose 2*x = -4*h + 716, 9*x - h - 1845 = 4*x. What is the tens digit of x?
6
Let d(o) = o**2 + 7*o - 5. Let z be d(-12). Suppose -24*w - z = -25*w. What is the units digit of w?
5
Let x(w) = 18*w**3 - 2*w**2 + 5*w - 17. What is the hundreds digit of x(3)?
4
Suppose -5137 - 6963 = -10*k. What is the thousands digit of k?
1
Suppose -6*k = 152 + 58. Let v = -14 - k. What is the tens digit of (v - 0) + 4/(-1)?
1
Let j(p) = -p**3 - 8*p**2 - 16*p - 17. What is the hundreds digit of j(-13)?
0
Let u(t) = -t**2 - 10*t + 29. Let k be u(-12). What is the units digit of k/((-8)/12 + 1)?
5
Let x(o) = 3*o**2 + o - 49. What is the units digit of x(-11)?
3
Let s be ((-8)/(-6))/((-16)/(-24)). Suppose -j - 16 = -i + 32, 3*i = s*j + 144. What is the tens digit of i?
4
Let s be 0/1*3/6. Let p(h) = h**2 + 126. Let f be p(s). Let c = -84 + f. What is the units digit of c?
2
Let m = -10 - -161. Suppose m = 5*h - 139. What is the tens digit of h?
5
Suppose 18*i + 4230 = 4*b + 23*i, 0 = -b - i + 1057. What is the hundreds digit of b?
0
Suppose -19*o = -16*o - 1398. What is the hundreds digit of o?
4
Suppose q + q - 4*m = 12, 4*q + 2*m - 64 = 0. Suppose f + 56 = 4*n, 2*n + 3*f = n + q. What is the tens digit of n?
1
Let f = 21 + -16. Suppose -2*y + s = -185, 0 = -f*y + 2*s - 46 + 506. Suppose -2*n - y = -3*v, n = -5*v + 2*n + 157. What is the units digit of v?
2
Let k(z) = 9*z**2 - 61*z + 383. What is the thousands digit of k(20)?
2
Suppose o - 48 - 115 = 0. Let h = o - 98. Suppose h = 3*n + 2*n. What is the tens digit of n?
1
Let y(j) = 22*j**2 + j - 4. Let z be y(-2). Let i = z + 55. What is the hundreds digit of i?
1
Let d = 43 - 41. Suppose -2*c - y + 249 = 0, 17 = -5*y + d. What is the tens digit of c?
2
Let c = -129 + 118. Let f(m) be the first derivative of m**3/3 + 5*m**2 + 14*m - 1. What is the tens digit of f(c)?
2
Let l = -43 + 48. What is the tens digit of 5/l - (-3 + -111)?
1
Let l(q) = -2 + 9 - q + 6*q + 6. What is the tens digit of l(8)?
5
Let h = -47 - -71. Let m = 30 - h. Suppose m*s - 4*s = 106. What is the units digit of s?
3
Let l be (926 + -11)*(-2)/5. What is the units digit of (l/4)/((-9)/12)?
2
Suppose -v = o - 21 - 301, 4*o + 302 = v. What is the hundreds digit of v?
3
Let c(r) = -r**3 + 11*r**2 - 2*r - 18. Let m be c(11). Let i = m - -87. What is the tens digit of i?
4
Let x be 3/15*-3*-5. Suppose -x*i = -z + 92, -2*i + 2*z = -2*z + 68. Let b = i + 43. What is the tens digit of b?
1
Suppose 9*g + 243 = 72. Let s = g + 38. What is the units digit of s?
9
Let f(t) = -2*t**2 + 6*t - 25. Let g be f(5). Let a = g + 148. What is the tens digit of a?
0
Let y(h) be the first derivative of h**4/4 + 14*h**3/3 - 5*h**2/2 + 2*h + 4. What is the tens digit of y(-14)?
7
Let k(m) = m**2 + 2*m + 92. Let o be k(0). Suppose -3*y = y - o. Suppose 4*q = 29 + y. What is the tens digit of q?
1
What is the units digit of (-3 - -2)*6 + (0 - -2948)?
2
Let q = -4 + 9. Suppose 0 = b - q*t - 63, 5*b + t + 3*t = 344. What is the units digit of b?
8
Let c = 417 + 11. Suppose 0 = 4*p - c + 52. What is the units digit of p?
4
Let i be 5/25 + (-72)/(-15). Suppose -i*c - 472 = -3*g, 5*g + 0*c = 3*c + 760. What is the units digit of g?
9
Suppose 0 = v + w + 104, 4*w = 3*v + v + 416. Let i = v + 118. What is the units digit of i?
4
Let m = 10 - 6. What is the units digit of m/(-10) - 16093/(-95)?
9
Let q(t) = -t**2 + 5*t + 2. Let k be q(5). Let g be k/6 + 32/12. Suppose -3*v + 5*b = -30 - 39, -g*v = b - 51. What is the units digit of v?
8
Let l be 4/(4/(-292)*-1). Suppose -3*s + l = s. Suppose -4*g + 27 + s = 0. What is the units digit of g?
